 - -141. What are the prime factors of i(u)?
2, 3
What are the prime factors of 277/9 + 9/(-405)*-10?
31
What are the prime factors of (438/8)/(65/780)?
3, 73
Let s = 54 + -85. Let a = s - -44. Suppose a = d - 4*p, 4*p - 16 + 4 = 0. List the prime factors of d.
5
Let i(c) = -167*c - 132. What are the prime factors of i(-10)?
2, 769
Let v = -3 - -12. Suppose h - 3*n + 1 = 0, 0*h + 3*h - v = 3*n. Let f = 7 - h. List the prime factors of f.
2
Let a = 32 - 30. Suppose 0 = -2*b - a*j + 22, 2*b - 3*j + 6*j - 17 = 0. What are the prime factors of b?
2
Let n(i) = 8*i + 13. Let y(k) = k**3 + 8*k**2 - k. Let b be y(-8). Let s be n(b). Suppose 0*z + z - s = -4*x, z = 2*x - 31. What are the prime factors of x?
2, 3
Suppose 4*u = -2*j + 800, 0*j - 3*j = -3*u + 618. Suppose 0 = 8*i - 1994 + u. List the prime factors of i.
2, 7
Let a(h) = -4*h**2 + 16*h - 8. Let q(r) = 9*r**2 - 33*r + 17. Let l be 3 + -2 + 8/4. Let m(v) = l*q(v) + 7*a(v). What are the prime factors of m(10)?
5
Let i(n) = n**2 + 20*n - 43. Let v be i(-23). Suppose 28*y - v*y = 396. What are the prime factors of y?
2, 3, 11
Let c(x) = -3*x**3 + 21*x**2 + 22*x - 4. List the prime factors of c(-8).
2, 3, 5
Let a be -2*(-1)/2*-17. Let j = 17 + a. Suppose -6*r + 67 + 53 = j. List the prime factors of r.
2, 5
Suppose 3*m + c - 11575 = 0, 33*c = 2*m + 38*c - 7721. What are the prime factors of m?
2, 3, 643
List the prime factors of (-76)/3*(-6 + -123).
2, 19, 43
Let g be ((-8)/(-12)*-167)/((-1)/3). Let c = -193 + g. List the prime factors of c.
3, 47
Suppose 68*o + 65895 = 91*o. List the prime factors of o.
3, 5, 191
Let c(p) = -p**3 - 8*p**2 + 2*p + 1. Let f(h) = -5*h**3 - 32*h**2 + 9*h + 4. Let v(x) = -9*c(x) + 2*f(x). List the prime factors of v(7).
2, 3
Let r(l) = -l**3 + 9*l**2 + 3*l + 8. Let u be r(10). Let m = u + 133. Let v = m + -50. What are the prime factors of v?
3, 7
Let j(r) = -r + 3. Let y(a) = 5*a**3 + a**2 + a. Let q be y(-1). Let o be (-4)/(-10) - (-42)/q. List the prime factors of j(o).
11
Let z(v) = -39*v + 1. Let p be z(-1). Let q = 103 - p. What are the prime factors of q?
3, 7
Let y = -41 - -61. Suppose n + 1 = -b + 5, 0 = -4*b - 5*n + y. Suppose b = -5*o + 62 - 12. What are the prime factors of o?
2, 5
Let z(k) = -15*k + 3 + k**2 + k**2 + 17*k - 7*k**3. List the prime factors of z(-2).
3, 7
Let r(q) = q**2 - 3. Suppose -5*m + 9*m - 16 = 0. Let g = m - 7. List the prime factors of r(g).
2, 3
Suppose -11*f = -20 - 2. Suppose -7*j = -4*x - f*j + 1051, -4*x + j = -1039. What are the prime factors of x?
7, 37
Suppose -5*l - 3*b + 10339 = -0*b, 2*b - 4138 = -2*l. List the prime factors of l.
2, 1033
Suppose -p - 12 = -4*p. Let j(d) = -d**3 + 4*d**2 + 3*d - 3. Let a be j(p). Let h(w) = w**2 - 4*w + 9. What are the prime factors of h(a)?
2, 3
Let j = 11 - 14. Let t(h) = 2*h**2 - 4*h - 1. List the prime factors of t(j).
29
Suppose -4*f = f - 15. Let j(n) = -16*n**2 + 165*n - 7. Let h be j(10). Suppose -v + f = -h. List the prime factors of v.
2, 23
Let v = 10 - 22. Let t = -14 - v. What are the prime factors of t/5 - (-792)/30?
2, 13
Suppose -3488 = -4*l + 4*y - 0*y, -4*y = 5*l - 4333. What are the prime factors of l?
11, 79
Let n = 438 - 306. What are the prime factors of n?
2, 3, 11
Suppose 14*u - 9*u = 70. Let d = u - 31. Let s(h) = -4*h - 13. List the prime factors of s(d).
5, 11
Let n be (1 + 8)*2/3. Let o be 9/n*(-4)/(-3). Suppose 3*h - w = -o*w + 67, 3*h = -5*w + 47. List the prime factors of h.
2, 3
What are the prime factors of (-5046)/(-8) + 22/88?
631
Let q = -271 - -355. List the prime factors of q.
2, 3, 7
Let z = 6671 - 3917. What are the prime factors of z?
2, 3, 17
Let p = -30 + 31. What are the prime factors of 188 + p + (0 - 4)?
5, 37
Let t(d) = 33*d**3 + d**2 + 5*d - 18. List the prime factors of t(3).
3, 13, 23
Let r(g) = g - 8. Let s be r(11). Suppose 4*l + 20 = s*l. What are the prime factors of (l/(-3))/(16/48)?
2, 5
Suppose -2*s + 7 = 3*m - 10, -3*s - 2*m = -18. Suppose 2*i + i - s*y = 188, 0 = i - y - 62. Let a = i + -30. List the prime factors of a.
2, 3, 5
What are the prime factors of (12 + (-40436)/55)/(2/(-5))?
2, 113
Suppose -17*v + 8*v + 4068 = 0. What are the prime factors of v?
2, 113
Let q = 412 - 325. What are the prime factors of q?
3, 29
Let l(p) = -p**3 - 8*p**2 - 9*p + 9. Let w be -8 + (0/(-4 - -1))/1. What are the prime factors of l(w)?
3
Let k = 1075 - 518. List the prime factors of k.
557
Let n(t) = -21 - 11 + 38 - 2*t**2 + 9*t + 4*t**2. List the prime factors of n(-9).
3, 29
Let m(o) = -394*o + 13. List the prime factors of m(-2).
3, 89
Let c = -8 + -11. Let q = 23 + c. Suppose 8*h = q*h + 212. What are the prime factors of h?
53
Let s = 398 - 263. List the prime factors of s.
3, 5
What are the prime factors of (0 - -4) + 0 + 2082?
2, 7, 149
What are the prime factors of -1*(-10 + 19) - -3139?
2, 5, 313
Let w = 120 + 515. Suppose 5*p = w - 230. List the prime factors of p.
3
Let h = 3 + -2. What are the prime factors of 3*(0 - h) + -1 + 30?
2, 13
Let v = -25679 - -37543. What are the prime factors of 4/22 + v/88 + -1?
2, 67
List the prime factors of 253/(-33)*(-6 + -126).
2, 11, 23
Let a(d) = 330*d + 162. List the prime factors of a(2).
2, 3, 137
Let i = 4 + -2. Suppose -2 = f - i*f. What are the prime factors of 4/((f - -2)/8)?
2
Let m = 1042 - 1534. Let y = -317 - m. What are the prime factors of y?
5, 7
Let r = 8 - 23. Let a = -4 - r. Let d = a - 8. List the prime factors of d.
3
Let j be (-1086)/9 + 8/(-6) + 1. Let y = 203 + j. What are the prime factors of y?
2, 41
Suppose 0*f - 2*f + 4 = 0. Suppose -f*i - 145 = -5*a + 72, a - 61 = -4*i. List the prime factors of a.
3, 5
Suppose 9*d + 657 - 1881 = 0. Let b = -70 + d. What are the prime factors of b?
2, 3, 11
Suppose -4*o + t + 3277 = 0, 4*o - 2*t - 5113 = -1839. List the prime factors of o.
2, 5, 41
Let a(x) = 4*x**2 + x + 2. Let h be a(-1). Suppose 82 = h*k - 188. List the prime factors of k.
2, 3
Let k = -36 + 261. Let o = 420 - k. Suppose -5*x + x = -5*w + 155, -5*w - 4*x + o = 0. List the prime factors of w.
5, 7
Suppose 3*k - r - 576 = 0, -2*k - 3*k + 2*r = -960. Suppose -p = -6*y + 2*y - 61, 3*y + k = 3*p. What are the prime factors of p?
5, 13
Let b be -1*(-2 + 2) + 0. Let n be (-12)/(0 + 3) - b. List the prime factors of (n/16)/((-2)/40).
5
Suppose 3*a = -21 + 24, 0 = -2*d - a + 951. What are the prime factors of d?
5, 19
Let q(j) be the first derivative of 130*j**3/3 + 2*j**2 - 5*j + 22. List the prime factors of q(1).
3, 43
Suppose 4*o + 4*b - 10028 + 2796 = 0, 3*o + 2*b - 5420 = 0. What are the prime factors of o?
2, 11, 41
Let o(i) = 50*i**2 + i - 5. Let g(s) = -50*s**2 - s + 6. Let q(h) = 5*g(h) + 6*o(h). What are the prime factors of q(-1)?
7
Let r(k) = -k**3 + 8*k**2 + 10*k - 17. Suppose 0*q + 2*q = l + 12, 4*l - 16 = 0. List the prime factors of r(q).
3, 7
Suppose -21*q + 21201 = 2595. List the prime factors of q.
2, 443
Suppose 5*h - 10*h + 245 = 0. List the prime factors of 2226/h + (-3)/7.
3, 5
Let b(w) = -2*w**3 - 40*w**2 + 10*w - 31. What are the prime factors of b(-23)?
3, 971
Suppose 0 = -18*v + 3209 + 643. What are the prime factors of v?
2, 107
Let t(q) = 3*q - 11. Let j be t(7). Let b = -6 + j. Let w(g) = g**2 + g - 1. What are the prime factors of w(b)?
19
Suppose 60*p + 524 = 64*p. List the prime factors of p.
131
Let n = 1028 + -323. Let w be ((-1)/(-3))/(5/n). Suppose 3*p - z = -2*z + 64, 2*p + 5*z = w. List the prime factors of p.
3, 7
Suppose 15676 = 608*a - 604*a. List the prime factors of a.
3919
Let q = 125 - 122. What are the prime factors of q?
3
Let a = 20 - 15. Suppose v - 5*v + 2*p = -860, a*p = 3*v - 652. Suppose -t + v = 5*y, 0*t - t = 2*y - 85. List the prime factors of y.
43
Let g be (-10)/4 - (-4)/8. Let j(h) = 9*h**3 + 3*h**2 + h - 2. Let m(d) = 10*d**3 + 4*d**2 + d - 2. Let s(t) = -5*j(t) + 4*m(t). List the prime factors of s(g).
2, 3
Let c = 3600 + -2193. What are the prime factors of c?
3, 7, 67
Let l(a) = -102*a - 348. List the prime factors of l(-41).
2, 3, 71
Let q = -884 + 1128. List the prime factors of q.
2, 61
Let y be 12/(-8)*16/(-6). Suppose -3*n + 193 = -5*w, -y*n + 362 = -w + 82. List the prime factors of n.
71
Let j be 57*10/6 + -4. Let v = j - 53. What are the prime factors of v?
2, 19
Let o(p) be the second derivative o